{"id":2822,"date":"2022-07-10T23:15:11","date_gmt":"2022-07-10T21:15:11","guid":{"rendered":"https:\/\/despetitsboutsdumonde.fr\/?page_id=2822"},"modified":"2025-05-22T23:04:22","modified_gmt":"2025-05-22T21:04:22","slug":"projet-velo","status":"publish","type":"page","link":"https:\/\/despetitsboutsdumonde.fr\/index.php\/grands-itineraires-en-velo\/projet-velo\/","title":{"rendered":"Projet VELO"},"content":{"rendered":"\n<p><strong>Mon jeu<\/strong> : Ecrire VELO sur la carte. <br>D\u00e9fi suppl\u00e9mentaire : 1 \u00e9tape\/jour = 1 dessin<\/p>\n\n\n\n<p><strong>D\u00e9marr\u00e9 le 6 mars 2022<\/strong><br><strong>Termin\u00e9 le 18 aout 2024<\/strong><\/p>\n\n\n\n<p><strong>Total <\/strong><br>45 \u00e9tapes<br>3518 km<br>25189 m D+<\/p>\n\n\n\n<p><strong>En d\u00e9tail<\/strong><br>V : 19 \u00e9tapes, 1398 km, 10489 m D+<br>E : 9 \u00e9tapes, 744 km, 6850 m D+, <br>L : 8 \u00e9tapes, 584 km, 2302 = D+<br>O : 9 \u00e9tapes, 792 km, 5548 m D+<\/p>\n\n\n\n<figure class=\"wp-block-image size-large\"><img loading=\"lazy\" decoding=\"async\" width=\"1024\" height=\"954\" src=\"https:\/\/despetitsboutsdumonde.fr\/wp-content\/uploads\/2024\/08\/Capture-decran-2024-08-18-a-22.59.00-1024x954.png\" alt=\"\" class=\"wp-image-3138\" srcset=\"https:\/\/despetitsboutsdumonde.fr\/wp-content\/uploads\/2024\/08\/Capture-decran-2024-08-18-a-22.59.00-1024x954.png 1024w, https:\/\/despetitsboutsdumonde.fr\/wp-content\/uploads\/2024\/08\/Capture-decran-2024-08-18-a-22.59.00-300x279.png 300w, https:\/\/despetitsboutsdumonde.fr\/wp-content\/uploads\/2024\/08\/Capture-decran-2024-08-18-a-22.59.00-768x715.png 768w, https:\/\/despetitsboutsdumonde.fr\/wp-content\/uploads\/2024\/08\/Capture-decran-2024-08-18-a-22.59.00.png 1458w\" sizes=\"auto, (max-width: 767px) 89vw, (max-width: 1000px) 54vw, (max-width: 1071px) 543px, 580px\" \/><figcaption class=\"wp-element-caption\">Trace r\u00e9alis\u00e9e<\/figcaption><\/figure>\n\n\n\n<p><\/p>\n\n\n<div class=\"jalbum-block aligncenter\"><div data-jalbum='{\"albumurl\":\"\\\/europe\\\/France\\\/2022-06-1826-V1-RoyanBeziers\",\"ar\":25,\"type\":\"strip\",\"layout\":6,\"titletemplate\":\"&lt;h4&gt;${title|name}&lt;\\\/h4&gt;\"}' style=\"padding-bottom:25%;\"><\/div><\/div>\n\n<div class=\"jalbum-block aligncenter\"><div data-jalbum='{\"albumurl\":\"\\\/europe\\\/France\\\/2024-08-0814-VELO-V-BeziersLimoges\",\"ar\":25,\"linktoindex\":true,\"type\":\"strip\",\"layout\":6,\"titletemplate\":\"&lt;h4&gt;${title|name}&lt;\\\/h4&gt;\"}' style=\"padding-bottom:25%;\"><\/div><\/div>\n\n<div class=\"jalbum-block aligncenter\"><div data-jalbum='{\"albumurl\":\"\\\/europe\\\/France\\\/2024-07-2326-VELO-V-LimogesAngers\",\"ar\":25,\"linktoindex\":true,\"type\":\"strip\",\"layout\":6,\"titletemplate\":\"&lt;h4&gt;${title|name}&lt;\\\/h4&gt;\"}' style=\"padding-bottom:25%;\"><\/div><\/div>\n\n<div class=\"jalbum-block aligncenter\"><div data-jalbum='{\"albumurl\":\"\\\/europe\\\/France\\\/2022-11-1113-E1-ChartresLeMans\",\"ar\":25,\"type\":\"strip\",\"layout\":6,\"titletemplate\":\"&lt;h4&gt;${title|name}&lt;\\\/h4&gt;\"}' style=\"padding-bottom:25%;\"><\/div><\/div>\n\n<div class=\"jalbum-block aligncenter\"><div data-jalbum='{\"albumurl\":\"\\\/europe\\\/France\\\/2024-04-1314-E3-LeMansChateauroux\",\"ar\":25,\"linktoindex\":true,\"type\":\"strip\",\"layout\":6,\"titletemplate\":\"&lt;h4&gt;${title|name}&lt;\\\/h4&gt;\"}' style=\"padding-bottom:25%;\"><\/div><\/div>\n\n<div class=\"jalbum-block aligncenter\"><div data-jalbum='{\"albumurl\":\"\\\/europe\\\/France\\\/2023-06-1620-VELO-E2-VierzonMoulins\",\"ar\":25,\"linktoindex\":true,\"type\":\"strip\",\"layout\":6,\"titletemplate\":\"&lt;h4&gt;${title|name}&lt;\\\/h4&gt;\"}' style=\"padding-bottom:25%;\"><\/div><\/div>\n\n<div class=\"jalbum-block aligncenter\"><div data-jalbum='{\"albumurl\":\"\\\/europe\\\/France\\\/2022-03-06-VELO-L1\",\"ar\":25,\"type\":\"strip\",\"layout\":6,\"titletemplate\":\"&lt;h4&gt;${title|name}&lt;\\\/h4&gt;\"}' style=\"padding-bottom:25%;\"><\/div><\/div>\n\n<div class=\"jalbum-block aligncenter\"><div data-jalbum='{\"albumurl\":\"\\\/europe\\\/France\\\/2022-08-28-L2-FontainebleauMontargis\",\"ar\":25,\"type\":\"strip\",\"layout\":6,\"titletemplate\":\"&lt;h4&gt;${title|name}&lt;\\\/h4&gt;\"}' style=\"padding-bottom:25%;\"><\/div><\/div>\n\n<div class=\"jalbum-block aligncenter\"><div data-jalbum='{\"albumurl\":\"\\\/europe\\\/France\\\/2022-11-2627-VELO-L3-MontargisNevers\",\"ar\":25,\"type\":\"strip\",\"layout\":6,\"titletemplate\":\"&lt;h4&gt;${title|name}&lt;\\\/h4&gt;\"}' style=\"padding-bottom:25%;\"><\/div><\/div>\n\n<div class=\"jalbum-block aligncenter\"><div data-jalbum='{\"albumurl\":\"\\\/europe\\\/France\\\/2024-08-1518-VELO-L-NeversDijon\",\"ar\":25,\"linktoindex\":true,\"type\":\"strip\",\"layout\":6,\"titletemplate\":\"&lt;h4&gt;${title|name}&lt;\\\/h4&gt;\"}' style=\"padding-bottom:25%;\"><\/div><\/div>\n\n<div class=\"jalbum-block aligncenter\"><div data-jalbum='{\"albumurl\":\"\\\/europe\\\/France\\\/2023-05-1923-PontaMoussonTroyes\",\"ar\":25,\"linktoindex\":true,\"type\":\"strip\",\"layout\":6,\"titletemplate\":\"&lt;h4&gt;${title|name}&lt;\\\/h4&gt;\"}' style=\"padding-bottom:25%;\"><\/div><\/div>\n\n<div class=\"jalbum-block aligncenter\"><div data-jalbum='{\"albumurl\":\"\\\/europe\\\/France\\\/2024-0731-0804-VELO-O-TroyesPontaMousson\",\"ar\":25,\"linktoindex\":true,\"type\":\"strip\",\"layout\":6,\"titletemplate\":\"&lt;h4&gt;${title|name}&lt;\\\/h4&gt;\"}' style=\"padding-bottom:25%;\"><\/div><\/div>","protected":false},"excerpt":{"rendered":"<p>Mon jeu : Ecrire VELO sur la carte. D\u00e9fi suppl\u00e9mentaire : 1 \u00e9tape\/jour = 1 dessin D\u00e9marr\u00e9 le 6 mars 2022Termin\u00e9 le 18 aout 2024 Total 45 \u00e9tapes3518 km25189 m D+ En d\u00e9tailV : 19 \u00e9tapes, 1398 km, 10489 m D+E : 9 \u00e9tapes, 744 km, 6850 m D+, L : 8 \u00e9tapes, 584 km, &hellip; <\/p>\n<p class=\"link-more\"><a href=\"https:\/\/despetitsboutsdumonde.fr\/index.php\/grands-itineraires-en-velo\/projet-velo\/\" class=\"more-link\">Continuer la lecture<span class=\"screen-reader-text\"> de &laquo;&nbsp;Projet VELO&nbsp;&raquo;<\/span><\/a><\/p>\n","protected":false},"author":1,"featured_media":0,"parent":2838,"menu_order":2,"comment_status":"open","ping_status":"closed","template":"","meta":{"footnotes":""},"class_list":["post-2822","page","type-page","status-publish","hentry"],"_links":{"self":[{"href":"https:\/\/despetitsboutsdumonde.fr\/index.php\/wp-json\/wp\/v2\/pages\/2822","targetHints":{"allow":["GET"]}}],"collection":[{"href":"https:\/\/despetitsboutsdumonde.fr\/index.php\/wp-json\/wp\/v2\/pages"}],"about":[{"href":"https:\/\/despetitsboutsdumonde.fr\/index.php\/wp-json\/wp\/v2\/types\/page"}],"author":[{"embeddable":true,"href":"https:\/\/despetitsboutsdumonde.fr\/index.php\/wp-json\/wp\/v2\/users\/1"}],"replies":[{"embeddable":true,"href":"https:\/\/despetitsboutsdumonde.fr\/index.php\/wp-json\/wp\/v2\/comments?post=2822"}],"version-history":[{"count":37,"href":"https:\/\/despetitsboutsdumonde.fr\/index.php\/wp-json\/wp\/v2\/pages\/2822\/revisions"}],"predecessor-version":[{"id":3162,"href":"https:\/\/despetitsboutsdumonde.fr\/index.php\/wp-json\/wp\/v2\/pages\/2822\/revisions\/3162"}],"up":[{"embeddable":true,"href":"https:\/\/despetitsboutsdumonde.fr\/index.php\/wp-json\/wp\/v2\/pages\/2838"}],"wp:attachment":[{"href":"https:\/\/despetitsboutsdumonde.fr\/index.php\/wp-json\/wp\/v2\/media?parent=2822"}],"curies":[{"name":"wp","href":"https:\/\/api.w.org\/{rel}","templated":true}]}}

<p><strong>Mon jeu</strong> : Ecrire VELO sur la carte. <br>Défi supplémentaire : 1 étape/jour = 1 dessin</p>



<p><strong>Démarré le 6 mars 2022</strong><br><strong>Terminé le 18 aout 2024</strong></p>



<p><strong>Total </strong><br>45 étapes<br>3518 km<br>25189 m D+</p>



<p><strong>En détail</strong><br>V : 19 étapes, 1398 km, 10489 m D+<br>E : 9 étapes, 744 km, 6850 m D+, <br>L : 8 étapes, 584 km, 2302 = D+<br>O : 9 étapes, 792 km, 5548 m D+</p>



<figure class="wp-block-image size-large"><img loading="lazy" decoding="async" width="1024" height="954" src="https://despetitsboutsdumonde.fr/wp-content/uploads/2024/08/Capture-decran-2024-08-18-a-22.59.00-1024x954.png" alt="" class="wp-image-3138" srcset="https://despetitsboutsdumonde.fr/wp-content/uploads/2024/08/Capture-decran-2024-08-18-a-22.59.00-1024x954.png 1024w, https://despetitsboutsdumonde.fr/wp-content/uploads/2024/08/Capture-decran-2024-08-18-a-22.59.00-300x279.png 300w, https://despetitsboutsdumonde.fr/wp-content/uploads/2024/08/Capture-decran-2024-08-18-a-22.59.00-768x715.png 768w, https://despetitsboutsdumonde.fr/wp-content/uploads/2024/08/Capture-decran-2024-08-18-a-22.59.00.png 1458w" sizes="auto, (max-width: 767px) 89vw, (max-width: 1000px) 54vw, (max-width: 1071px) 543px, 580px" /><figcaption class="wp-element-caption">Trace réalisée</figcaption></figure>



<p></p>


<div class="jalbum-block aligncenter"><div data-jalbum='{"albumurl":"\/europe\/France\/2022-06-1826-V1-RoyanBeziers","ar":25,"type":"strip","layout":6,"titletemplate":"&lt;h4&gt;${title|name}&lt;\/h4&gt;"}' style="padding-bottom:25%;"></div></div>

<div class="jalbum-block aligncenter"><div data-jalbum='{"albumurl":"\/europe\/France\/2024-08-0814-VELO-V-BeziersLimoges","ar":25,"linktoindex":true,"type":"strip","layout":6,"titletemplate":"&lt;h4&gt;${title|name}&lt;\/h4&gt;"}' style="padding-bottom:25%;"></div></div>

<div class="jalbum-block aligncenter"><div data-jalbum='{"albumurl":"\/europe\/France\/2024-07-2326-VELO-V-LimogesAngers","ar":25,"linktoindex":true,"type":"strip","layout":6,"titletemplate":"&lt;h4&gt;${title|name}&lt;\/h4&gt;"}' style="padding-bottom:25%;"></div></div>

<div class="jalbum-block aligncenter"><div data-jalbum='{"albumurl":"\/europe\/France\/2022-11-1113-E1-ChartresLeMans","ar":25,"type":"strip","layout":6,"titletemplate":"&lt;h4&gt;${title|name}&lt;\/h4&gt;"}' style="padding-bottom:25%;"></div></div>

<div class="jalbum-block aligncenter"><div data-jalbum='{"albumurl":"\/europe\/France\/2024-04-1314-E3-LeMansChateauroux","ar":25,"linktoindex":true,"type":"strip","layout":6,"titletemplate":"&lt;h4&gt;${title|name}&lt;\/h4&gt;"}' style="padding-bottom:25%;"></div></div>

<div class="jalbum-block aligncenter"><div data-jalbum='{"albumurl":"\/europe\/France\/2023-06-1620-VELO-E2-VierzonMoulins","ar":25,"linktoindex":true,"type":"strip","layout":6,"titletemplate":"&lt;h4&gt;${title|name}&lt;\/h4&gt;"}' style="padding-bottom:25%;"></div></div>

<div class="jalbum-block aligncenter"><div data-jalbum='{"albumurl":"\/europe\/France\/2022-03-06-VELO-L1","ar":25,"type":"strip","layout":6,"titletemplate":"&lt;h4&gt;${title|name}&lt;\/h4&gt;"}' style="padding-bottom:25%;"></div></div>

<div class="jalbum-block aligncenter"><div data-jalbum='{"albumurl":"\/europe\/France\/2022-08-28-L2-FontainebleauMontargis","ar":25,"type":"strip","layout":6,"titletemplate":"&lt;h4&gt;${title|name}&lt;\/h4&gt;"}' style="padding-bottom:25%;"></div></div>

<div class="jalbum-block aligncenter"><div data-jalbum='{"albumurl":"\/europe\/France\/2022-11-2627-VELO-L3-MontargisNevers","ar":25,"type":"strip","layout":6,"titletemplate":"&lt;h4&gt;${title|name}&lt;\/h4&gt;"}' style="padding-bottom:25%;"></div></div>

<div class="jalbum-block aligncenter"><div data-jalbum='{"albumurl":"\/europe\/France\/2024-08-1518-VELO-L-NeversDijon","ar":25,"linktoindex":true,"type":"strip","layout":6,"titletemplate":"&lt;h4&gt;${title|name}&lt;\/h4&gt;"}' style="padding-bottom:25%;"></div></div>

<div class="jalbum-block aligncenter"><div data-jalbum='{"albumurl":"\/europe\/France\/2023-05-1923-PontaMoussonTroyes","ar":25,"linktoindex":true,"type":"strip","layout":6,"titletemplate":"&lt;h4&gt;${title|name}&lt;\/h4&gt;"}' style="padding-bottom:25%;"></div></div>

<div class="jalbum-block aligncenter"><div data-jalbum='{"albumurl":"\/europe\/France\/2024-0731-0804-VELO-O-TroyesPontaMousson","ar":25,"linktoindex":true,"type":"strip","layout":6,"titletemplate":"&lt;h4&gt;${title|name}&lt;\/h4&gt;"}' style="padding-bottom:25%;"></div></div>

<p>Mon jeu : Ecrire VELO sur la carte. Défi supplémentaire : 1 étape/jour = 1 dessin Démarré le 6 mars 2022Terminé le 18 aout 2024 Total 45 étapes3518 km25189 m D+ En détailV : 19 étapes, 1398 km, 10489 m D+E : 9 étapes, 744 km, 6850 m D+, L : 8 étapes, 584 km, &hellip; </p>
<p class="link-more"><a href="https://despetitsboutsdumonde.fr/index.php/grands-itineraires-en-velo/projet-velo/" class="more-link">Continuer la lecture<span class="screen-reader-text"> de &laquo;&nbsp;Projet VELO&nbsp;&raquo;</span></a></p>
